)?
-2
Let v(a) = a**3 - 15*a**2 + 28*a + 47. Determine v(13).
73
Let s(k) = -k**2 - 5*k - 2. Calculate s(-5).
-2
Let w(h) = 2*h**3 - 21*h**2 + 10*h + 3. What is w(10)?
3
Let l(i) = 3*i + 3. Calculate l(0).
3
Let h(n) = 6*n - 71. Give h(12).
1
Let s(h) = -3*h - 9. Calculate s(-5).
6
Let t(n) = n**2 - 8*n + 4. Give t(5).
-11
Let n(l) = 3*l**2 + 3*l + 2. What is n(-2)?
8
Let g(q) = -q**3 - 5*q**2 + 3*q - 3. What is g(-4)?
-31
Let b(r) = -r**2 - 72*r + 303. What is b(4)?
-1
Let f(g) = 2*g**2 - g - 7. What is f(4)?
21
Let n(v) = v**2 + 17*v + 18. Give n(-16).
2
Let w(r) = -r**3 + 3*r**2 - 3*r + 7. Calculate w(3).
-2
Let b(k) = -30*k**3 + 4*k**2 + k - 1. What is b(-1)?
32
Let m(z) = z**3 + 5*z**2 - 6*z - 2. Calculate m(-6).
-2
Let u(k) = k**2 - 17*k + 28. Give u(16).
12
Let d(s) = -2*s**2 - 19*s - 9. Give d(-9).
0
Let m(v) = -29*v - 9. What is m(-1)?
20
Let i(r) = r**3 - r**2 - 4*r + 1. Calculate i(-2).
-3
Let h(p) = -p**2 - 3*p + 2. Determine h(-5).
-8
Let q(w) = 2*w**2 - 11*w - 20. Give q(7).
1
Let p(b) = 23*b**2 + 4*b + 3. Calculate p(-1).
22
Let u(s) = -15*s + 35. Give u(5).
-40
Let u(q) = -q**3 - 10*q**2 - 22*q + 14. Determine u(-7).
21
Let s(i) = -12*i**3 - i**2 + 1. What is s(-1)?
12
Let z(p) = p**2 - 12. Give z(-5).
13
Let u(l) = -l**3 - 5*l**2 + 18*l + 22. Give u(-7).
-6
Let l(d) = d**3 - 7*d**2 - 9*d + 5. Give l(8).
-3
Let c(y) = -22*y**2. What is c(-1)?
-22
Let s(a) = a**2 + 7*a - 136. Determine s(-16).
8
Let m(n) = -2*n + 14. Determine m(8).
-2
Let l(a) = -3*a**2 + 35*a - 2. What is l(13)?
-54
Let c(f) = f**2 + 15*f - 15. Give c(-15).
-15
Let x(f) = f**2 + 20*f + 84. What is x(-4)?
20
Let o(p) = 2*p**2 - 6*p - 3. Determine o(7).
53
Let g(i) = 3*i**2 + 126*i + 1. What is g(-42)?
1
Let y(n) = -n**3 + 15*n**2 - 2*n + 26. Give y(15).
-4
Let l(r) = 217*r + 439. What is l(-2)?
5
Let c(f) = f**3 + f**2 + 5*f + 17. Calculate c(-3).
-16
Let g(c) = -c**3 - 10*c**2 - 4*c - 33. Give g(-10).
7
Let c(s) = 2*s - 13. Calculate c(10).
7
Let o(c) = -2*c - 18. What is o(11)?
-40
Let y(l) = -6*l + 82. What is y(15)?
-8
Let n(z) = -z**3 - 4*z**2 + 5*z. What is n(-5)?
0
Let d(s) = -6*s + 171. Calculate d(28).
3
Let l(r) = r**3 + 3*r**2 - 3*r + 1. Determine l(-3).
10
Let p(j) = 4*j**3 - 11*j**2 - 9*j + 1. What is p(-1)?
-5
Let a(n) = 5*n**2 - n + 2. What is a(-2)?
24
Let l(q) = q**2 - 9*q. Give l(7).
-14
Let n(o) = 3*o**3 - 3*o**2 - 3*o - 2. Determine n(-2).
-32
Let n(t) = -8*t**2 - 4*t + 2. Calculate n(-2).
-22
Let o(d) = d**2 + 25*d - 29. Calculate o(-26).
-3
Let d(h) = 7*h**2 - 5*h + 2. Calculate d(1).
4
Let q(j) = j**2 + 12*j + 31. Give q(-9).
4
Let h(m) = m**2 - 47*m - 784. Calculate h(60).
-4
Let b(w) = 2*w - 16. What is b(12)?
8
Let j(f) = -f + 9. What is j(9)?
0
Let i(j) = -j - 8. Determine i(-10).
2
Let s(m) = -4*m - 1. What is s(-4)?
15
Let a(w) = -w - 3. What is a(-6)?
3
Let m(i) = i**2 - 12*i - 7. What is m(12)?
-7
Let u(s) = -4*s**2. Calculate u(-2).
-16
Let n(j) = j**2 + 14*j + 46. Calculate n(-8).
-2
Let h(a) = -a**2 + 6*a - 12. What is h(2)?
-4
Let r(i) = 14*i - 486. Determine r(35).
4
Let n(i) = i**2 - 18*i + 78. What is n(5)?
13
Let v(w) = -w**3 - 3*w**2 + 4*w + 10. Determine v(-4).
10
Let s(n) = 3*n + 5. Give s(-4).
-7
Let d(s) = s**3 - 4*s**2 - 4*s + 8. What is d(5)?
13
Let j(h) = h**2 + h + 5. What is j(0)?
5
Let w(y) = 11*y**2 + 4*y. Give w(3).
111
Let n(t) = -5*t + 29. Determine n(4).
9
Let k(v) = -132*v + 399. What is k(3)?
3
Let h(w) = w**3 - 6*w**2 + 8*w. What is h(4)?
0
Let l(v) = -4*v - 64. What is l(-18)?
8
Let k(f) = 123*f**2 + 246*f - 1. Determine k(-2).
-1
Let a(y) = -y**3 + 13*y**2 + 30*y - 2. Determine a(15).
-2
Let f(i) = -15*i + 1. Calculate f(1).
-14
Let b(h) = 33*h - 8. What is b(7)?
223
Let z(q) = q**3 + 30*q**2 + 27*q - 83. Calculate z(-29).
-25
Let k(p) = p**3 - p**2 - 3*p - 1. Give k(-1).
0
Let f(o) = -3*o + 128. What is f(41)?
5
Let p(a) = -a**3 + 5*a**2 + 3*a - 13. Give p(5).
2
Let v(a) = a**3 + 3*a**2 - a - 7. Give v(4).
101
Let r(g) = -g**3 + 22*g**2 - 20*g - 11. What is r(21)?
10
Let g(x) = 5*x - 5. Determine g(-2).
-15
Let h(c) = -c**3 - 3*c**2 + 15*c - 14. Give h(-6).
4
Let m(t) = -4*t**2 - 5*t + 11. Give m(2).
-15
Let c(x) = 4*x - 26. Give c(7).
2
Let v(j) = j**3 - 3*j**2 - 5*j - 11. Calculate v(5).
14
Let v(x) = -x**3 - 16*x**2 - 27*x + 27. Give v(-14).
13
Let n(x) = -2*x**2 + 4. Calculate n(-2).
-4
Let j(k) = 2*k**3 + 6*k**2 - k - 5. What is j(-4)?
-33
Let k(a) = -a - 8. What is k(-11)?
3
Let x(s) = -s**2 - 7*s + 55. Determine x(-12).
-5
Let a(r) = -r**3 - 13*r**2 - 24*r - 28. Determine a(-11).
-6
Let k(b) = b**3 - 3*b**2 + 4*b. Give k(3).
12
Let o(q) = -6*q - 3. Determine o(7).
-45
Let i(t) = -24*t - 76. Give i(-4).
20
Let c(d) = d**2 - 13*d + 38. What is c(9)?
2
Let s(r) = -r**2 + 5. What is s(3)?
-4
Let p(o) = -4*o - 13. Calculate p(-10).
27
Let g(y) = y**3 + 3*y**2 + 8*y + 2. Determine g(0).
2
Let b(q) = 2*q**2 - 35*q - 51. Give b(19).
6
Let k(b) = -b**2 + 10*b + 21. Give k(10).
21
Let l(w) = 6*w + 342. Calculate l(-56).
6
Let a(k) = -14*k - 121. What is a(-8)?
-9
Let j(c) = c**3 - 6*c**2 - 15*c + 10. Give j(8).
18
Let m(l) = 5*l - 10. Determine m(8).
30
Let s(a) = 2*a**3 + 4*a**2 + 3*a - 4. Give s(2).
34
Let q(g) = g**3 + 27*g**2 - 21*g + 198. What is q(-28)?
2
Let m(j) = j**2 - 13*j + 21. What is m(11)?
-1
Let v(r) = -r**3 + 5*r + 5. What is v(-2)?
3
Let f(p) = -17*p + 77. Give f(3).
26
Let p(k) = -k**2 - 10*k - 13. Give p(-9).
-4
Let h(u) = 4*u**3 - 2*u**2 + 6*u - 3. Calculate h(1).
5
Let g(m) = -9*m**2 - 3*m - 2. Determine g(-1).
-8
Let y(q) = -2*q**3 + q**2 - 3*q. Give y(1).
-4
Let u(f) = f**2 + 5*f - 6. Give u(-5).
-6
Let a(x) = 2*x**3 - x**2 + 2*x - 2. Give a(0).
-2
Let b(x) = -x**2 + x + 54. Give b(0).
54
Let m(q) = 6*q**2 + 69*q + 25. What is m(-11)?
-8
Let k(o) = -77*o + 148. Give k(2).
-6
Let n(o) = -6*o**2 + 3*o - 6. Calculate n(-2).
-36
Let f(z) = -33*z + 837. What is f(25)?
12
Let j(d) = 6*d**2 - 3*d + 12. Calculate j(-5).
177
Let u(i) = -i**3 - 42*i**2 - 37*i + 72. Determine u(-41).
-92
Let f(q) = -q**2 + 7*q - 26. Calculate f(7).
-26
Let q(x) = -15*x**2 - 4. Determine q(2).
-64
Let l(t) = -4*t**2 - 65*t + 56. Give l(-17).
5
Let s(w) = 2*w - 4. What is s(-5)?
-14
Let k(a) = a**3 - 19*a**2 + 16*a - 11. What is k(18)?
-47
Let t(v) = v**3 + 13*v**2 - 3*v - 3. Give t(0).
-3
Let i(c) = 3*c + 10. Calculate i(-10).
-20
Let r(f) = f**3 + 6*f**2 - 2*f - 20. Determine r(-6).
-8
Let k(r) = -r - 23. Determine k(-22).
-1
Let w(h) = -h**3 - 15*h**2 + 32*h - 26. What is w(-17)?
8
Let h(k) = 65*k**2 - k + 1. Give h(1).
65
Let u(m) = m**2 + 13*m - 26. Determine u(0).
-26
Let n(i) = i**3 + 6*i**2 - 53*i - 128. Calculate n(-10).
2
Let v(h) = 9*h - 31. Calculate v(4).
5
Let k(n) = n**2 + 4*n - 1. Give k(-1).
-4
Let j(b) = 3*b**3 + 5*b**2 + 4*b + 3. Calculate j(-3).
-45
Let r(i) = 4*i**2 - 4*i + 2. Calculate r(2).
10
Let v(z) = z**3 + 4*z**2 - 5*z + 2. Determine v(-5).
2
Let z(w) = 32*w**2 + w + 1. Calculate z(-1).
32
Let z(h) = -h**2 + 8*h. Determine z(6).
12
Let i(x) = -x**2 + 8*x + 11. Determine i(8).
11
Let o(l) = 26*l - 12. Give o(-8).
-220
Let z(s) = 2*s**2 - 2*s - 21. Calculate z(5).
19
Let d(j) = 19*j. What is d(-1)?
-19
Let q(s) = s**3 + 34*s**2 + 32*s - 27. Give q(-33).
6
Let g(b) = 11*b**2 + 4*b - 3. Give g(2).
49
Let y(r) = -10*r + 47. What is y(10)?
-53
Let u(b) = 5*b + 17. Determine u(-5).
-8
Let y(r) = -17*r - 3. Calculate y(1).
-20
Let j(k) = -k**3 + 8*k**2 - 8*k - 4. Calculate j(6).
20
Let f(u) = -u - 1. Calculate f(-5).
4
Let g(b) = -14*b - 58. Give g(-6).
26
Let h(t) = -2*t**3 - 20*t**2 - 18*t - 2. What is h(-9)?
-2
Let x(q) = -37*q**2 + 4*q + 5. Give x(-1).
-36
Let y(t) = -t**2 + 6*t - 11. What is y(0)?
-11
Let z(n) = 6*n**2 - 2*n + 1. Give z(1).
5
Let y(q) = 2*q. Give y(-4).
-8
Let x(a) = -a**3 - 5*a**2 - 6*a - 21. Give x(-6).
51
Let u(z) = -z**2 - z + 1. Give u(-3).
-5
Let i(d) = -d**3 - 5*d**2 - 3*d + 5. Determine i(-4).
1
Let y(m) = m. Calculate y(-15).
-15
Let w(n) = -9*n + 269. Determine w(29).
8
Let p(h) = 2*h - 32. Give p(16).
0
Let k(u) = -20*u**3 - 1. Give k(-1).
19
Let q(j) = j**3 + 5*j**2 - 3*j - 33. Give q(-4).
-5
Let w(t) = -3*t + 25. Calculate w(8).
1
Let j(t) = -3*t**2 + 16*t + 5. Determine j(8).
-59
Let x(b) = -b**2 + 13*b - 1. Give x(13).
-1
Let j(r) = -r**3 + 22*r**2 